t a be 549/18 + (-2)/m. What is the highest common divisor of 12 and a?
6
Suppose -5*m = -0*m - 650. Let o = m + -118. Let h be (-18)/4*40/(-6). What is the highest common divisor of h and o?
6
Let l = -182 + 273. Let a be ((-186)/(-5) - -2) + 2/(-10). Let w be (-40)/(-3) - 13/a. What is the highest common divisor of l and w?
13
Let w = -738 - -1236. What is the highest common factor of w and 6?
6
Suppose -38*z - 22 + 174 = 0. Calculate the greatest common divisor of z and 284.
4
Let c(t) = 18*t - 32. Let n be c(4). Calculate the greatest common divisor of 60 and n.
20
Suppose -7*v + 9*v - 128 = -4*g, -3*v + 204 = 2*g. Calculate the greatest common factor of 10 and v.
10
Let o(w) = 4*w**2 - 1. Let d be o(-2). Calculate the greatest common divisor of 9 and d.
3
Let y be 3 + -3 - 0*(-3)/(-12). Suppose z + 5*n = -y*z + 127, n = 4*z - 403. Calculate the greatest common factor of z and 34.
34
Suppose -6*t + 3*t + 350 = 2*y, t - 5*y - 145 = 0. What is the greatest common factor of 150 and t?
30
Let m be (2 - 5 - -3) + 10. Let t be 315/m - (-6)/(-4). Let y be (-30)/(-45) - 446/(-6). What is the greatest common factor of y and t?
15
Let r = 441 - 413. What is the greatest common factor of r and 112?
28
Let s = 2 - -1. Suppose s*b - b = 8. Suppose 3*x + b*m - 17 = 0, m - 4 = -2*x + 14. What is the greatest common divisor of 88 and x?
11
Suppose 46 = 5*r - 14. Let f be (-4)/(-6) + 460/r. Suppose 10*q - 1472 = -1212. Calculate the greatest common factor of q and f.
13
Let m be 69570/189 + 8/(-84). What is the greatest common factor of m and 23?
23
Let h be (-152)/(-6) - 2/(-3). Let k = 23 - -42. What is the greatest common factor of k and h?
13
Let o(r) = -1612*r + 54. Let j be o(-1). Calculate the greatest common factor of 34 and j.
34
Suppose -3*k = -5*k + 250. Let g = 202 - k. Let d = 22 + -11. Calculate the highest common factor of d and g.
11
Let m = -318 - -374. What is the greatest common divisor of 8 and m?
8
Suppose 0 = c + 6 - 38. Let s be c/60*-6*-15. Calculate the greatest common divisor of 16 and s.
16
Suppose -7*n = 7 - 21. Let h = 224 - 102. Suppose h = 2*v + 3*j + 2*j, n*v = 3*j + 90. Calculate the highest common divisor of v and 34.
17
Let z(f) = 6*f**2 + 2*f - 2. Let r be z(-2). Let w = -33 + 34. Let y be w/(-1) - (-1638)/18. What is the greatest common divisor of r and y?
18
Let x(p) = -p**2 + 5*p + 1. Let i be x(4). Let f = i + 283. What is the greatest common divisor of 18 and f?
18
Suppose -3*s - 5*i = -50, -2*s = -2*i - 36 - 8. Let m = 10 - 23. Let t be (-104)/m + 0 + -4. Calculate the highest common divisor of t and s.
4
Suppose 135 + 633 = 6*v. Suppose 0 = 4*a, -d = -5*a + a - v. Calculate the greatest common factor of 8 and d.
8
Suppose 4*y = -3*q + 3700, -5*y + 2*q + 4625 = 5*q. Let o = -563 + 567. Suppose y = o*k + 241. Calculate the highest common factor of 19 and k.
19
Let b = 1400 + -385. Let v be 2/5 - b/(-25). Let c = v + -21. What is the greatest common factor of c and 4?
4
Let v(p) = -p**3 + 13*p**2 - 9*p + 13. Let l be v(12). Calculate the greatest common divisor of l and 392.
49
Suppose 0*n + 8 = 2*h + 2*n, -h - 2*n = -5. Suppose 0 = 4*w - 2*w - 6. What is the greatest common factor of w and h?
3
Let x be (14 - -2)/(20/2160). What is the highest common factor of 72 and x?
72
Let i be 3*(-1 - 0)*19. Let c = i - -157. Calculate the greatest common factor of c and 20.
20
Let k = 37 - 26. Let w be 10/95 + (-25267)/(-209). Calculate the greatest common divisor of k and w.
11
Let c be (22/2)/((-1)/(-19)). Let v = c + -99. Calculate the greatest common divisor of v and 44.
22
Let t(d) = -d**3 + 26*d**2 + 32*d - 87. Let j be t(27). Let q be 3/(2/((-16)/3)). Let s = q + 32. Calculate the greatest common factor of j and s.
24
Suppose f - 33 = 3*o - 120, 6 = -2*o. Let v be (-90)/12*(f/(-5))/(-3). What is the highest common divisor of 60 and v?
12
Let t be 4/(-10) + 72/5. Suppose -5*y - 17 = 4*h, -4*y = 7*h - 10*h + 26. What is the greatest common divisor of h and t?
2
Let s = 365 - 332. What is the greatest common factor of 33 and s?
33
Suppose 0 = -2*x + 11*m - 6*m + 120, -5*x + m = -277. What is the greatest common divisor of x and 66?
11
Suppose 147 + 63 = 10*q. Suppose -2*u - n - 2 = -20, 5*u = 5*n + 15. What is the highest common factor of u and q?
7
Suppose 0*b = 4*u - 4*b - 76, 4*u - 55 = -3*b. Suppose -3 = v - u. Calculate the greatest common divisor of 39 and v.
13
Let d = -10 - -5. Let m be 6/2 - (6 + d). Let i = -281 + 297. Calculate the greatest common divisor of i and m.
2
Let u(t) be the third derivative of -t**4/8 + 41*t**3/6 - 51*t**2. Let d be u(11). What is the greatest common divisor of 88 and d?
8
Suppose -3*j + 0 = 3*p - 15, 5*j - 13 = -3*p. Let n be (-2)/12 + 31/p. Suppose 9*v + 15 = 12*v. What is the greatest common factor of n and v?
5
Suppose 2*f - 62 = 4*k - 240, 0 = -k + 5*f + 49. Calculate the highest common factor of 396 and k.
44
Let c(n) = n**3 + 2*n**2 - 30*n + 34. Let f be c(4). Calculate the greatest common factor of 17 and f.
1
Let j be (784/40)/((-8)/(-50))*2. What is the highest common divisor of j and 70?
35
Let i = 219 - 215. Suppose -2*p + 3*p - 4*t - 5 = 0, -2*p = t - 10. Suppose -c + 10 = 2*u, -p*c + 56 = -5*u + 6. What is the greatest common factor of i and c?
2
Let s = 50 + -35. Let u be 35321/(-195) + 4/30. Let k = u + 211. Calculate the greatest common factor of s and k.
15
Let n = 3284 + -3149. Suppose -x = -5*x + 216. What is the highest common divisor of n and x?
27
Let q(z) = z**3 - 10*z**2 + 13*z - 18. Suppose -5*s + 21 = -24. Let t be q(s). What is the highest common factor of 72 and t?
18
Suppose -246 = -4*i + 2*t, 4*i + 3*t = i + 171. Let a = -36 + i. Let z = a - 20. Calculate the highest common divisor of 20 and z.
4
Let f be 3/6*-20 - -4. Let b be ((-50)/(-30))/((-5)/f). Let i be 1 + -1*1*-1. What is the highest common factor of b and i?
2
Let i be 24/(-3)*(-3)/6. Suppose 4*a = 58 + 6. What is the greatest common divisor of a and i?
4
Suppose -4*b - 5*y + 35 = -123, 90 = 2*b - 3*y. Let k = -22 + b. What is the highest common factor of 20 and k?
20
Suppose p - 129 = -0*p. Suppose 2*w + 107 = 3*z - 7, -4*z - 5*w + p = 0. Calculate the highest common divisor of z and 12.
12
Suppose 5*z = -3*q + 5379, -15 = -21*q + 16*q. Calculate the greatest common factor of z and 6.
6
Suppose 0 = v + 5*h - 3 + 10, 0 = -v + h + 23. Calculate the highest common divisor of v and 30.
6
Let z(c) = -c**3 - 9*c**2 - c - 12. Let n be z(-9). Let m = n + 33. What is the greatest common divisor of 45 and m?
15
Let s = 31 + -6. Suppose 2*h + 60 = 7*h. Let o = h - 2. Calculate the greatest common divisor of s and o.
5
Suppose 4*h + 10 = p, -4*p + 3*h + 27 = -0*h. Calculate the highest common factor of p and 6.
6
Let g = -77 - -17. Let l = -20 - g. Let c be ((-700)/18)/(-5) - 4/(-18). What is the greatest common factor of c and l?
8
Suppose b = -4*w + 3589, -5*b + 9*w = 6*w - 17922. What is the greatest common divisor of b and 15?
15
Suppose 0 = -2*v - 0*v - 2, -3*z = -4*v - 31. Suppose -3*s + z = 6. Let g = 1 + 8. What is the greatest common factor of g and s?
1
Let k(i) = -i**2 + 5*i - 2. Let r be k(3). Suppose 0 = 5*f + z - 943, -3*z - 1037 = -r*f - 294. Calculate the greatest common factor of 47 and f.
47
Let x be (3*1/6)/(2/(-16)). Let t(b) = -10*b - 12. Let z be t(x). What is the greatest common factor of 196 and z?
28
Let d be 1198/5 + 4/10. Let m(t) = t**3 - 14*t**2 - 13*t. Let h be 1*(10 + -7) - (-12 - 0). Let i be m(h). What is the greatest common factor of d and i?
30
Let q(t) be the third derivative of 5*t**4/8 - 3*t**3/2 - 2*t**2. Let p be q(3). What is the highest common factor of 12 and p?
12
Suppose -3*u = 2*x + 3, -7 - 14 = -2*x + 5*u. Suppose -51 - 18 = -x*b. Let r = 4 + b. What is the highest common factor of r and 9?
9
Suppose 3*b = -o - 25, -7*o + 2*b - 193 = -2*o. Let l = -13 - o. What is the greatest common factor of l and 120?
24
Let z be 3/(-5) - (-26)/10. Let i be (-1200)/(-32)*4/z. Calculate the greatest common divisor of i and 15.
15
Let q = -17 + 12. Let t = 53 - 57. Let k be -2 - q/((-5)/t). Calculate the greatest common factor of k and 2.
2
Suppose -4*l - 2799 = -x - 4*x, 5*x = 3*l + 2103. Let f be l/(-16) + 6/(-4). What is the highest common divisor of 14 and f?
14
Let